{"id":2295,"date":"2022-12-29T22:50:06","date_gmt":"2022-12-30T01:50:06","guid":{"rendered":"http:\/\/maquiagemnocinema.com\/?page_id=2295"},"modified":"2023-08-01T01:13:42","modified_gmt":"2023-08-01T04:13:42","slug":"peruca-no-cinema","status":"publish","type":"page","link":"https:\/\/maquiagemnocinema.com\/?page_id=2295","title":{"rendered":"ACERVO"},"content":{"rendered":"\n<div style=\"height:50px\" aria-hidden=\"true\" class=\"wp-block-spacer\"><\/div>\n\n\n\n<h4 class=\"wp-block-heading has-text-align-center\">CONFIRA NOSSO CAT\u00c1LOGO DE PERUCAS E POSTI\u00c7OS:<\/h4>\n\n\n\n<p><\/p>\n\n\n<div class=\"wp-block-image\">\n<figure class=\"aligncenter size-large is-resized\"><img decoding=\"async\" loading=\"lazy\" src=\"http:\/\/maquiagemnocinema.com\/wp-content\/uploads\/2023\/08\/image-1-1024x1024.png\" alt=\"\" class=\"wp-image-2720\" width=\"562\" height=\"562\" srcset=\"https:\/\/maquiagemnocinema.com\/wp-content\/uploads\/2023\/08\/image-1-1024x1024.png 1024w, https:\/\/maquiagemnocinema.com\/wp-content\/uploads\/2023\/08\/image-1-300x300.png 300w, https:\/\/maquiagemnocinema.com\/wp-content\/uploads\/2023\/08\/image-1-150x150.png 150w, https:\/\/maquiagemnocinema.com\/wp-content\/uploads\/2023\/08\/image-1-768x768.png 768w, https:\/\/maquiagemnocinema.com\/wp-content\/uploads\/2023\/08\/image-1.png 1080w\" sizes=\"(max-width: 562px) 100vw, 562px\" \/><\/figure><\/div>\n\n\n<div style=\"height:30px\" aria-hidden=\"true\" class=\"wp-block-spacer\"><\/div>\n\n\n\n<h4 class=\"wp-block-heading\">CONSULTE INFORMA\u00c7\u00d5ES OU AGENDE SUA VISITA ATRAV\u00c9S DO WHATSAPP 11-9-9485-9857. O ATELI\u00ca FICA LOCALIZADO NA RUA DOUTOR JOS\u00c9 ELIAS, 141 (ALTO DA LAPA \u2013 S\u00c3O PAULO).<\/h4>\n\n\n\n<h4 class=\"wp-block-heading\">ACOMPANHE NOSSAS ATUALIZA\u00c7\u00d5ES PELO INSTAGRAM:&nbsp;<a href=\"https:\/\/www.instagram.com\/perucanocinema\/\">@PERUCANOCINEMA<\/a><\/h4>\n","protected":false},"excerpt":{"rendered":"<p>CONFIRA NOSSO CAT\u00c1LOGO DE PERUCAS E POSTI\u00c7OS: CONSULTE INFORMA\u00c7\u00d5ES OU AGENDE SUA VISITA ATRAV\u00c9S DO WHATSAPP 11-9-9485-9857. O ATELI\u00ca FICA LOCALIZADO NA RUA DOUTOR JOS\u00c9 ELIAS, 141 (ALTO DA LAPA \u2013 S\u00c3O PAULO). ACOMPANHE NOSSAS ATUALIZA\u00c7\u00d5ES PELO INSTAGRAM:&nbsp;@PERUCANOCINEMA<\/p>\n","protected":false},"author":1,"featured_media":0,"parent":0,"menu_order":0,"comment_status":"closed","ping_status":"closed","template":"","meta":{"om_disable_all_campaigns":false,"_monsterinsights_skip_tracking":false,"_monsterinsights_sitenote_active":false,"_monsterinsights_sitenote_note":"","_monsterinsights_sitenote_category":0,"footnotes":""},"aioseo_notices":[],"_links":{"self":[{"href":"https:\/\/maquiagemnocinema.com\/index.php?rest_route=\/wp\/v2\/pages\/2295"}],"collection":[{"href":"https:\/\/maquiagemnocinema.com\/index.php?rest_route=\/wp\/v2\/pages"}],"about":[{"href":"https:\/\/maquiagemnocinema.com\/index.php?rest_route=\/wp\/v2\/types\/page"}],"author":[{"embeddable":true,"href":"https:\/\/maquiagemnocinema.com\/index.php?rest_route=\/wp\/v2\/users\/1"}],"replies":[{"embeddable":true,"href":"https:\/\/maquiagemnocinema.com\/index.php?rest_route=%2Fwp%2Fv2%2Fcomments&post=2295"}],"version-history":[{"count":6,"href":"https:\/\/maquiagemnocinema.com\/index.php?rest_route=\/wp\/v2\/pages\/2295\/revisions"}],"predecessor-version":[{"id":2721,"href":"https:\/\/maquiagemnocinema.com\/index.php?rest_route=\/wp\/v2\/pages\/2295\/revisions\/2721"}],"wp:attachment":[{"href":"https:\/\/maquiagemnocinema.com\/index.php?rest_route=%2Fwp%2Fv2%2Fmedia&parent=2295"}],"curies":[{"name":"wp","href":"https:\/\/api.w.org\/{rel}","templated":true}]}}